millions digit of 412819048?
2
What is the ten millions digit of 243547817?
4
What is the tens digit of 4393605?
0
What is the hundreds digit of 9534074?
0
What is the tens digit of 2061417?
1
What is the ten millions digit of 28736589?
2
What is the ten millions digit of 12016644?
1
What is the hundreds digit of 34770570?
5
What is the hundreds digit of 83634313?
3
What is the millions digit of 15873909?
5
What is the tens digit of 2985317445?
4
What is the ten millions digit of 28351220?
2
What is the millions digit of 97473334?
7
What is the millions digit of 237889874?
7
What is the hundred thousands digit of 37520866?
5
What is the ten thousands digit of 110188420?
8
What is the hundred thousands digit of 3050255940?
2
What is the tens digit of 597867579?
7
What is the ten thousands digit of 268202295?
0
What is the hundred thousands digit of 180829924?
8
What is the hundred thousands digit of 761282012?
2
What is the tens digit of 118817758?
5
What is the hundred millions digit of 745987882?
7
What is the hundreds digit of 142385160?
1
What is the tens digit of 84753179?
7
What is the hundreds digit of 435990355?
3
What is the hundreds digit of 3047564478?
4
What is the tens digit of 798566269?
6
What is the ten millions digit of 1259599532?
5
What is the ten millions digit of 108242610?
0
What is the ten thousands digit of 92583412?
8
What is the thousands digit of 222100460?
0
What is the ten millions digit of 31662383?
3
What is the hundreds digit of 88197965?
9
What is the ten millions digit of 79982421?
7
What is the hundreds digit of 207897745?
7
What is the thousands digit of 147943044?
3
What is the thousands digit of 47548273?
8
What is the ten thousands digit of 24357005?
5
What is the ten millions digit of 24815033?
2
What is the millions digit of 18349568?
8
What is the thousands digit of 601523556?
3
What is the thousands digit of 1717919023?
9
What is the units digit of 560713317?
7
What is the ten millions digit of 124952899?
2
What is the thousands digit of 212460555?
0
What is the tens digit of 502328554?
5
What is the tens digit of 532185?
8
What is the hundred millions digit of 791903591?
7
What is the hundred thousands digit of 5040180348?
1
What is the hundreds digit of 1022323959?
9
What is the billions digit of 3775444872?
3
What is the tens digit of 23424059?
5
What is the thousands digit of 41601110?
1
What is the thousands digit of 99256269?
6
What is the ten millions digit of 493037966?
9
What is the ten millions digit of 40875259?
4
What is the ten thousands digit of 2927618369?
1
What is the ten millions digit of 576755934?
7
What is the hundred thousands digit of 273198927?
1
What is the ten thousands digit of 607427274?
2
What is the ten thousands digit of 500506658?
0
What is the units digit of 1205389058?
8
What is the thousands digit of 97364349?
4
What is the hundreds digit of 182258808?
8
What is the tens digit of 277508608?
0
What is the units digit of 129477151?
1
What is the ten thousands digit of 1169466420?
6
What is the units digit of 80500128?
8
What is the units digit of 1827485876?
6
What is the ten thousands digit of 71921753?
2
What is the ten millions digit of 671801503?
7
What is the ten millions digit of 17294216?
1
What is the tens digit of 64121051?
5
What is the hundred thousands digit of 814476149?
4
What is the units digit of 606212670?
0
What is the hundred thousands digit of 67410092?
4
What is the thousands digit of 281906784?
6
What is the ten millions digit of 79485738?
7
What is the units digit of 333283217?
7
What is the thousands digit of 64789349?
9
What is the hundreds digit of 196160782?
7
What is the ten millions digit of 1674973920?
7
What is the ten millions digit of 133129205?
3
What is the hundred thousands digit of 5520031?
5
What is the ten millions digit of 861649802?
6
What is the ten thousands digit of 179390055?
9
What is the hundred millions digit of 936291408?
9
What is the units digit of 26920921?
1
What is the thousands digit of 229002765?
2
What is the thousands digit of 379009299?
9
What is the ten millions digit of 916878799?
1
What is the ten millions digit of 156780890?
5
What is the ten millions digit of 192095908?
9
What is the tens digit of 80572504?
0
What is the hundreds digit of 158916293?
2
What is the ten thousands digit of 5621403370?
0
What is the units digit of 4234533091?
1
What is the tens digit of 4370395081?
8
What is the hundred thousands digit of 211867511?
8
What is the tens digit of 2328415712?
1
What is the hundred millions digit of 106335944?
1
What is the millions digit of 1399473218?
9
What is the units digit of 235176181?
1
What is the millions digit of 416886308?
6
What is the hundred thousands digit of 15337268?
3
What is the hundreds digit of 780997040?
0
What is the units digit of 28562813?
3
What is the hundred millions digit of 5585073475?
5
What is the ten thousands digit of 48920019?
2
What is the hundreds digit of 19779187?
1
What is the ten thousands digit of 59317950?
1
What is the tens digit of 1977397234?
3
What is the hundred millions digit of 756997824?
7
What is the hundred thousands digit of 1587771160?
7
What is the hundred thousands digit of 1618118318?
1
What is the hundred millions digit of 162720794?
1
What is the tens digit of 1382966869?
6
What is the hundred thousands digit of 82799787?
7
What is the units digit of 231495203?
3
What is the ten millions digit of 108426087?
0
What is the hundreds digit of 43619052?
0
What is the thousands digit of 22091634?
1
What is the billions digit of 6070181825?
6
What is the tens digit of 46963283?
8
What is the units digit of 83750816?
6
What is the ten thousands digit of 9358430?
5
What is the millions digit of 29687393?
9
What is the units digit of 6914383901?
1
What is the ten millions digit of 104890761?
0
What is the units digit of 1730776588?
8
What is the hundred thousands digit of 307932839?
9
What is the ten millions digit of 2844538512?
4
What is the hundreds digit of 94699657?
6
What is the hundred millions digit of 107369243?
1
What is the ten millions digit of 250159498?
5
What is the hundred millions digit of 296754520?
2
What is the units digit of 987108286?
6
What is the hundred thousands digit of 16301940?
3
What is the thousands digit of 81700193?
0
What is the thousands digit of 656350949?
0
What is the millions digit of 3753734?
3
What is the thousands digit of 35431579?
1
What is the hundred thousands digit of 4434218410?
2
What is the hundreds digit of 457232582?
5
What is the hundreds digit of 98930093?
0
What is the hundred millions digit of 9136388467?
1
What is the ten millions digit of 1567167303?
6
What is the hundreds digit of 2798386026?
0
What is the tens digit of 130851330?
3
What is the hundred millions digit of 3361024129?
3
What is the hundreds digit of 796789537?
5
What is the billions digit of 1619347732?
1
What is the hundred thousands digit of 375153343?
1
What is the billions digit of 2196450430?
2
What is the hundred millions digit of 1120521825?
1
What is the ten millions digit of 361358463?
6
What is the ten millions digit of 24408085?
2
What is the thousands digit of 119115764?
5
What is the hundreds digit of 3278730?
7
What is the hundred thousands digit of 182927221?
9
What is the thousands digit of 2378700804?
0
What is the hundred thousands digit of 3207558891?
5
What is the units digit of 1526496840?
0
What is the hundreds digit of 959185957?
9
What is the billions digit of 1237137732?
1
What is the ten thousands digit of 492985623?
8
What is the thousands digit of 508467008?
7
What is the millions digit of 227805860?
7
What is the thousands digit of 545032246?
2
What is the ten thousands digit of 719128576?
2
What is the thousands digit of 37088173?
8
What is the ten millions digit of 41811432?
4
What is the ten millions digit of 1385143655?
8
What is the thousands digit of 57526146?
6
What is the tens digit of 64980241?
4
What is the tens digit of 217796775?
7
What is the units digit of 52211771?
1
What is the hundreds digit of 1785451172?
1
What is the tens digit of 125580000?
0
What is the units digit of 645303914?
4
What is the tens digit of 142234750?
5
What is the units digit of 84427727?
7
What is the thou